me?
True
Is 284831 a prime number?
True
Is 9271 a composite number?
True
Is 8213 a prime number?
False
Is 18989 composite?
True
Is 568241 a prime number?
True
Is 251 a composite number?
False
Is 418109 a composite number?
False
Is 43033 a prime number?
False
Is 7159 a composite number?
False
Is 10357 a composite number?
False
Is 142819 prime?
False
Is 5737 composite?
False
Is 105491 a composite number?
False
Is 402559 a composite number?
False
Is 59797 a composite number?
False
Is 2617559 a prime number?
False
Is 5433103 a composite number?
True
Is 51283 a composite number?
False
Is 200809 a prime number?
False
Is 42691 a prime number?
False
Is 2771 prime?
False
Is 26801 composite?
False
Is 107293 a composite number?
True
Is 58269 a prime number?
False
Is 683251 composite?
False
Is 7729 prime?
False
Is 25057 a prime number?
True
Is 11351 a composite number?
False
Is 51886 prime?
False
Is 15763 a prime number?
False
Is 2034319 prime?
False
Is 92333 a composite number?
False
Is 75631 a composite number?
True
Is 5189 prime?
True
Is 147503 composite?
False
Is 583183 prime?
False
Is 67409 composite?
False
Is 668689 prime?
False
Is 1897361 prime?
True
Is 62071 a composite number?
False
Is 312923 a composite number?
True
Is 11987 a prime number?
True
Is 4377629 prime?
True
Is 36221 a composite number?
True
Is 171439 a prime number?
True
Is 532663 a composite number?
False
Is 11962 a prime number?
False
Is 404819 a composite number?
False
Is 21623 prime?
False
Is 15517 composite?
True
Is 110179 composite?
True
Is 3037 composite?
False
Is 4091 a prime number?
True
Is 56873 a composite number?
False
Is 35359 a prime number?
False
Is 2504291 a composite number?
False
Is 599287 composite?
True
Is 230567 composite?
False
Is 44899 a composite number?
True
Is 3487 a composite number?
True
Is 1121 a prime number?
False
Is 35911 composite?
False
Is 65761 a composite number?
False
Is 17858 a prime number?
False
Is 24029 composite?
False
Is 21961 a composite number?
False
Is 190261 composite?
False
Is 12419 prime?
False
Is 2267 composite?
False
Is 28697 a composite number?
False
Is 12151 a prime number?
False
Is 5386 composite?
True
Is 5589877 prime?
False
Is 1047359 a composite number?
True
Is 28201 composite?
False
Is 10061 a prime number?
True
Is 1447549 prime?
True
Is 110671 prime?
False
Is 3713285 a composite number?
True
Is 159339 a composite number?
True
Is 19531 a prime number?
True
Is 103321 a composite number?
True
Is 23719 a prime number?
True
Is 9521 composite?
False
Is 1754 prime?
False
Is 40361 prime?
True
Is 22879 a prime number?
False
Is 39419 a composite number?
False
Is 220807 prime?
True
Is 2579 prime?
True
Is 8263 prime?
True
Is 155 prime?
False
Is 37187 prime?
False
Is 6071 composite?
True
Is 4083 a prime number?
False
Is 692489 composite?
True
Is 1005569 a composite number?
True
Is 3989 prime?
True
Is 226621 composite?
False
Is 44521 composite?
True
Is 369769 a composite number?
True
Is 17021 prime?
True
Is 5147 prime?
True
Is 1398973 a composite number?
False
Is 86503 a composite number?
True
Is 1233539 prime?
True
Is 30611 prime?
False
Is 11559 a composite number?
True
Is 526849 a prime number?
False
Is 46301 a composite number?
False
Is 1069 prime?
True
Is 15053 a composite number?
False
Is 155137 composite?
False
Is 18622 prime?
False
Is 919 a prime number?
True
Is 203231 a prime number?
False
Is 293 composite?
False
Is 276869 composite?
False
Is 293977 composite?
True
Is 411181 a composite number?
True
Is 9133 composite?
False
Is 8483 a prime number?
False
Is 38149 prime?
True
Is 52147 prime?
True
Is 11029 prime?
False
Is 107573 a prime number?
False
Is 109441 a composite number?
False
Is 54422 a prime number?
False
Is 2059 a prime number?
False
Is 974359 a prime number?
True
Is 650387 a composite number?
False
Is 75913 a prime number?
True
Is 65761 a composite number?
False
Is 9637 a prime number?
False
Is 9979 prime?
False
Is 921407 composite?
False
Is 153313 composite?
False
Is 17651 a composite number?
True
Is 287599 a composite number?
True
Is 17503 prime?
False
Is 8641 prime?
True
Is 96643 prime?
True
Is 23437 a composite number?
True
Is 283397 a prime number?
True
Is 7151 a composite number?
False
Is 2157293 a composite number?
False
Is 1713343 a prime number?
True
Is 17851 prime?
True
Is 49237 a prime number?
False
Is 21089 a composite number?
False
Is 10673 composite?
True
Is 144427 prime?
True
Is 8741 a composite number?
False
Is 7669 a composite number?
False
Is 84809 composite?
False
Is 89387 a composite number?
False
Is 494369 prime?
True
Is 466 composite?
True
Is 82371 composite?
True
Is 26293 prime?
True
Is 1697009 a prime number?
False
Is 1921 a composite number?
True
Is 10937 prime?
True
Is 151462 a composite number?
True
Is 58543 composite?
False
Is 20599 a composite number?
False
Is 60569 prime?
False
Is 317677 prime?
False
Is 9014 a composite number?
True
Is 31127 composite?
True
Is 526189 a prime number?
True
Is 199289 a prime number?
True
Is 51307 a composite number?
False
Is 56697 prime?
False
Is 17623 a prime number?
True
Is 132123 composite?
True
Is 25151 prime?
False
Is 89839 a prime number?
True
Is 889997 a prime number?
True
Is 3937 a composite number?
True
Is 139143 a composite number?
True
Is 12055 composite?
True
Is 2945123 a composite number?
False
Is 223543 composite?
False
Is 851 prime?
False
Is 103858 a prime number?
False
Is 7387 prime?
False
Is 756701 a prime number?
False
Is 8161 prime?
True
Is 48353 composite?
False
Is 273365 prime?
False
Is 2932457 composite?
True
Is 14777 a prime number?
False
Is 40627 a prime number?
True
Is 760411 a composite number?
False
Is 352082 a prime number?
False
Is 826231 composite?
True
Is 9469 a prime number?
False
Is 122957 prime?
True
Is 57977 prime?
True
Is 19237 composite?
False
Is 36037 composite?
False
Is 15053 composite?
False
Is 185953 a composite number?
True
Is 1793 prime?
False
Is 9151 a composite number?
False
Is 318511 a prime number?
False
Is 4109 prime?
False
Is 118707 prime?
False
Is 71215 prime?
False
Is 78917 prime?
False
Is 16033 composite?
False
Is 25735 prime?
False
Is 10577 a prime number?
False
Is 2939 a prime number?
True
Is 6599 composite?
False
Is 38017 composite?
True
Is 502 composite?
True
Is 11657 composite?
False
Is 107269 a prime number?
True
Is 24239 prime?
True
Is 42131 composite?
False
Is 43657 a prime number?
False
Is 7331 a composite number?
False
Is 2055887 prime?
False
Is 22433 prime?
True
Is 192149 composite?
False
Is 2767 a prime number?
True
Is 457577 prime?
False
Is 213505 a composite number?
True
Is 18419 prime?
False
Is 26407 a composite number?
False
Is 45701 a composite number?
True
Is 53309 prime?
True
Is 448135 composite?
True
Is 55439 composite?
False
Is 55889 a prime number?
True
Is 10799 a prime number?
True
Is 63541 a prime number?
True
Is 11287 prime?
True
Is 3329 composite?
False
Is 3307 a prime number?
True
Is 434981 a composite number?
False
Is 281174 a composite number?
True
Is 12437 composite?
False
Is 18113 a composite number?
True
Is 72055 a composite number?
True
Is 48467 a prime number?
False
Is 26139 prime?
False
Is 47191 a composite number?
True
Is 2910134 prime?
False
Is 121883 composite?
False
Is 2767 a composite number?
False
Is 6485 a composite number?
True
Is 920243 a prime number?
False
Is 13403 a prime number?
False
Is 11111 prime?
False
Is 17219 a prime number?
False
Is 9115 prime?
False
Is 66217 a prime number?
False
Is 20593 a composite number?
False
Is 284261 prime?
True
Is 529 a prime number?
False
Is 19165 composite?
True
Is 49403 prime?
False
Is 256763 a prime number?
False
Is 16495 prime?
False
Is 369581 a prime number?
True
Is 37849 a prime number?
False
Is 68806 a composite number?
True
Is 1844707 prime?
True
Is 175753 prime?
True
Is 115079 a composite number?
False
Is 13603 prime?
False
Is 1829 composite?
True
Is 901 a composite number?
True
Is 188215 a prime number?
False
Is 287977 prime?
True
Is 1346419 composite?
False
Is 58543 prime?
True
Is 78143 prime?
False
Is 449 composite?
False
Is 633 prime?
False
Is 2215 composite?
True
Is 93307 prime?
True
Is 72643 prime?
True
Is 7355 a prime number?
False
Is 27847 composite?
False
Is 81201 a prime number?
False
Is 131485 composite?
Tr